{"id":406,"date":"2012-03-28T14:14:14","date_gmt":"2012-03-28T14:14:14","guid":{"rendered":"http:\/\/cadenaradialnuevavida.com\/site\/?page_id=406"},"modified":"2024-08-19T19:18:02","modified_gmt":"2024-08-19T19:18:02","slug":"donacion","status":"publish","type":"page","link":"https:\/\/www.cadenaradialnuevavida.com\/site\/donacion\/","title":{"rendered":"Donaci\u00f3n"},"content":{"rendered":"<div id=\"wrap_all\">\n<div id=\"main\">\n<h1><strong>\u00danete a Nosotros\u00a0<\/strong><\/h1>\n<p>Somos 3 estaciones de radio que cubrimos Carolina del Norte y Carolina del Sur, 24\/7.\u00a0<\/p>\n<p>Gracias a Dios somos un ministerio con visi\u00f3n de alcanzar almas para Cristo a trav\u00e9s de la predicaci\u00f3n de la Palabra de Dios.\u00a0<\/p>\n<p>La Palabra dice en 2 de Corintios 9:7 que debemos dar con alegr\u00eda, seg\u00fan nuestras posibilidades. Por ello, cada semilla que siembres en este ministerio radial ser\u00e1 usado para el crecimiento de este ministerio y el sostenimiento de la Cadena Radial Nueva Vida.<\/p>\n<h1><strong>Maneras de Dar\u00a0<\/strong><\/h1>\n<\/div>\n<\/div>\n\n\n<figure class=\"wp-block-image size-large\"><a href=\"https:\/\/www.cadenaradialnuevavida.com\/site\/wp-content\/uploads\/2023\/09\/375977133_605275758452289_2228957119419712713_n.jpg\"><img loading=\"lazy\" decoding=\"async\" width=\"1024\" height=\"819\" src=\"https:\/\/www.cadenaradialnuevavida.com\/site\/wp-content\/uploads\/2023\/09\/375977133_605275758452289_2228957119419712713_n-1024x819.jpg\" alt=\"\" class=\"wp-image-1943\" srcset=\"https:\/\/www.cadenaradialnuevavida.com\/site\/wp-content\/uploads\/2023\/09\/375977133_605275758452289_2228957119419712713_n-1024x819.jpg 1024w, https:\/\/www.cadenaradialnuevavida.com\/site\/wp-content\/uploads\/2023\/09\/375977133_605275758452289_2228957119419712713_n-300x240.jpg 300w, https:\/\/www.cadenaradialnuevavida.com\/site\/wp-content\/uploads\/2023\/09\/375977133_605275758452289_2228957119419712713_n-768x614.jpg 768w, https:\/\/www.cadenaradialnuevavida.com\/site\/wp-content\/uploads\/2023\/09\/375977133_605275758452289_2228957119419712713_n.jpg 1350w\" sizes=\"auto, (max-width: 1024px) 100vw, 1024px\" \/><\/a><\/figure>\n","protected":false},"excerpt":{"rendered":"<p>\u00danete a Nosotros\u00a0 Somos 3 estaciones de radio que cubrimos Carolina del Norte y Carolina del Sur, 24\/7.\u00a0 Gracias a Dios somos un ministerio con visi\u00f3n de alcanzar almas para Cristo a trav\u00e9s de la predicaci\u00f3n de la Palabra de Dios.\u00a0 La Palabra dice en 2 de Corintios 9:7 que debemos dar con alegr\u00eda, seg\u00fan &#8230; <span class=\"more\"><a class=\"more-link\" href=\"https:\/\/www.cadenaradialnuevavida.com\/site\/donacion\/\">[Lee m\u00e1s&#8230;]<\/a><\/span><\/p>\n","protected":false},"author":1,"featured_media":0,"parent":0,"menu_order":0,"comment_status":"open","ping_status":"open","template":"","meta":{"footnotes":""},"class_list":["entry","page","publish","author-cadena-radial-nueva-vida","post-406"],"_links":{"self":[{"href":"https:\/\/www.cadenaradialnuevavida.com\/site\/wp-json\/wp\/v2\/pages\/406","targetHints":{"allow":["GET"]}}],"collection":[{"href":"https:\/\/www.cadenaradialnuevavida.com\/site\/wp-json\/wp\/v2\/pages"}],"about":[{"href":"https:\/\/www.cadenaradialnuevavida.com\/site\/wp-json\/wp\/v2\/types\/page"}],"author":[{"embeddable":true,"href":"https:\/\/www.cadenaradialnuevavida.com\/site\/wp-json\/wp\/v2\/users\/1"}],"replies":[{"embeddable":true,"href":"https:\/\/www.cadenaradialnuevavida.com\/site\/wp-json\/wp\/v2\/comments?post=406"}],"version-history":[{"count":14,"href":"https:\/\/www.cadenaradialnuevavida.com\/site\/wp-json\/wp\/v2\/pages\/406\/revisions"}],"predecessor-version":[{"id":2048,"href":"https:\/\/www.cadenaradialnuevavida.com\/site\/wp-json\/wp\/v2\/pages\/406\/revisions\/2048"}],"wp:attachment":[{"href":"https:\/\/www.cadenaradialnuevavida.com\/site\/wp-json\/wp\/v2\/media?parent=406"}],"curies":[{"name":"wp","href":"https:\/\/api.w.org\/{rel}","templated":true}]}}